{"id":1220,"date":"2022-09-12T19:36:08","date_gmt":"2022-09-12T22:36:08","guid":{"rendered":"https:\/\/marianamachuca.com\/eventos\/taller-breve-de-constelaciones\/"},"modified":"2022-10-09T13:27:07","modified_gmt":"2022-10-09T16:27:07","slug":"taller-breve-de-constelaciones","status":"publish","type":"mec-events","link":"https:\/\/marianamachuca.com\/it\/eventos\/taller-breve-de-constelaciones\/","title":{"rendered":"Taller breve de Constelaciones"},"content":{"rendered":"<h3 class=\"top-tit\">Taller breve de Constelaciones Familiares (Barcelona)<\/h3>\n<p>En un taller de Constelaciones Familiares trabajan todas las personas que participan en \u00e9l. Esta participaci\u00f3n puede ser de tres maneras diferentes:<\/p>\n<ul>\n<li><strong>Como Cliente<\/strong>: exponiendo un asunto que se quiera trabajar.<\/li>\n<li><strong>Como Representante<\/strong>: poni\u00e9ndose al servicio del cliente, representando a alg\u00fan miembro de su familia o elementos implicados en el caso.<\/li>\n<li><strong>Como Participante<\/strong>: observando y ayudando a contener aquello que va ocurriendo durante el transcurso de la constelaci\u00f3n.<\/li>\n<\/ul>\n<p>En cada caso, se pueden tener comprensiones profundas a nivel propio a partir del trabajo de otras personas, a trav\u00e9s de los procesos de proyecci\u00f3n e identificaci\u00f3n que se despliegan. Cualquiera que fuera el rol que ocupes, en el transcurso del taller se ir\u00e1n produciendo movimientos internos.<\/p>\n<p>A veces las personas que trabajan s\u00f3lo como participantes, pueden tener una percepci\u00f3n m\u00e1s amplia de los procesos que se desarrollan, y recoger muchas comprensiones, hasta llegar a emocionarse. \u00c9ste un indicador crucial de que algo se ha movido en su interior durante el transcurso del Taller, con el trabajo de otra persona.<\/p>\n<h2>Para mas informaci\u00f3n e inscripci\u00f3n:<\/h2>\n<p>Tel: 93 237 28 15<br \/>\nInstagram: ig@institutgestalt.com<br \/>\nDirecci\u00f3n: Verdi, 94, bajos 08012 Barcelona<\/p>","protected":false},"excerpt":{"rendered":"<p>Taller breve de Constelaciones Familiares (Barcelona) En un taller de Constelaciones Familiares trabajan todas las personas que participan en \u00e9l. Esta participaci\u00f3n puede ser de tres maneras diferentes: Como Cliente: exponiendo un asunto que se quiera trabajar. Como Representante: poni\u00e9ndose al servicio del cliente, representando a alg\u00fan miembro de su familia o elementos implicados en [&hellip;]<\/p>\n","protected":false},"author":1,"featured_media":1387,"comment_status":"closed","ping_status":"closed","template":"","tags":[],"mec_category":[20],"class_list":["post-1220","mec-events","type-mec-events","status-publish","has-post-thumbnail","hentry","mec_category-taller"],"yoast_head":"<!-- This site is optimized with the Yoast SEO plugin v27.0 - https:\/\/yoast.com\/product\/yoast-seo-wordpress\/ -->\n<title>Taller breve de Constelaciones<\/title>\n<meta name=\"description\" content=\"Taller breve de Constelaciones Familiares (Barcelona)En un taller de Constelaciones Familiares trabajan todas las personas que participan en \u00e9l.\" \/>\n<meta name=\"robots\" content=\"index, follow, max-snippet:-1, max-image-preview:large, max-video-preview:-1\" \/>\n<link rel=\"canonical\" href=\"https:\/\/marianamachuca.com\/it\/eventos\/taller-breve-de-constelaciones\/\" \/>\n<meta property=\"og:locale\" content=\"it_IT\" \/>\n<meta property=\"og:type\" content=\"article\" \/>\n<meta property=\"og:title\" content=\"Taller breve de Constelaciones\" \/>\n<meta property=\"og:description\" content=\"Taller breve de Constelaciones Familiares (Barcelona)En un taller de Constelaciones Familiares trabajan todas las personas que participan en \u00e9l.\" \/>\n<meta property=\"og:url\" content=\"https:\/\/marianamachuca.com\/it\/eventos\/taller-breve-de-constelaciones\/\" \/>\n<meta property=\"og:site_name\" content=\"Mariana Machuca\" \/>\n<meta property=\"article:publisher\" content=\"https:\/\/www.facebook.com\/mariana.machuca.5\" \/>\n<meta property=\"article:modified_time\" content=\"2022-10-09T16:27:07+00:00\" \/>\n<meta property=\"og:image\" content=\"https:\/\/marianamachuca.com\/wp-content\/uploads\/2022\/09\/m3-1.jpg\" \/>\n\t<meta property=\"og:image:width\" content=\"900\" \/>\n\t<meta property=\"og:image:height\" content=\"500\" \/>\n\t<meta property=\"og:image:type\" content=\"image\/jpeg\" \/>\n<meta name=\"twitter:card\" content=\"summary_large_image\" \/>\n<meta name=\"twitter:label1\" content=\"Tempo di lettura stimato\" \/>\n\t<meta name=\"twitter:data1\" content=\"1 minuto\" \/>\n<script type=\"application\/ld+json\" class=\"yoast-schema-graph\">{\"@context\":\"https:\/\/schema.org\",\"@graph\":[{\"@type\":\"WebPage\",\"@id\":\"https:\/\/marianamachuca.com\/eventos\/taller-breve-de-constelaciones\/\",\"url\":\"https:\/\/marianamachuca.com\/eventos\/taller-breve-de-constelaciones\/\",\"name\":\"Taller breve de Constelaciones\",\"isPartOf\":{\"@id\":\"https:\/\/marianamachuca.com\/#website\"},\"primaryImageOfPage\":{\"@id\":\"https:\/\/marianamachuca.com\/eventos\/taller-breve-de-constelaciones\/#primaryimage\"},\"image\":{\"@id\":\"https:\/\/marianamachuca.com\/eventos\/taller-breve-de-constelaciones\/#primaryimage\"},\"thumbnailUrl\":\"https:\/\/marianamachuca.com\/wp-content\/uploads\/2022\/09\/m3-1.jpg\",\"datePublished\":\"2022-09-12T22:36:08+00:00\",\"dateModified\":\"2022-10-09T16:27:07+00:00\",\"description\":\"Taller breve de Constelaciones Familiares (Barcelona)En un taller de Constelaciones Familiares trabajan todas las personas que participan en \u00e9l.\",\"breadcrumb\":{\"@id\":\"https:\/\/marianamachuca.com\/eventos\/taller-breve-de-constelaciones\/#breadcrumb\"},\"inLanguage\":\"it-IT\",\"potentialAction\":[{\"@type\":\"ReadAction\",\"target\":[\"https:\/\/marianamachuca.com\/eventos\/taller-breve-de-constelaciones\/\"]}]},{\"@type\":\"ImageObject\",\"inLanguage\":\"it-IT\",\"@id\":\"https:\/\/marianamachuca.com\/eventos\/taller-breve-de-constelaciones\/#primaryimage\",\"url\":\"https:\/\/marianamachuca.com\/wp-content\/uploads\/2022\/09\/m3-1.jpg\",\"contentUrl\":\"https:\/\/marianamachuca.com\/wp-content\/uploads\/2022\/09\/m3-1.jpg\",\"width\":900,\"height\":500},{\"@type\":\"BreadcrumbList\",\"@id\":\"https:\/\/marianamachuca.com\/eventos\/taller-breve-de-constelaciones\/#breadcrumb\",\"itemListElement\":[{\"@type\":\"ListItem\",\"position\":1,\"name\":\"Portada\",\"item\":\"https:\/\/marianamachuca.com\/\"},{\"@type\":\"ListItem\",\"position\":2,\"name\":\"Eventos\",\"item\":\"https:\/\/marianamachuca.com\/events\/\"},{\"@type\":\"ListItem\",\"position\":3,\"name\":\"Taller breve de Constelaciones\"}]},{\"@type\":\"WebSite\",\"@id\":\"https:\/\/marianamachuca.com\/#website\",\"url\":\"https:\/\/marianamachuca.com\/\",\"name\":\"Mariana Machuca\",\"description\":\"Gestalt \u2013 Constelaciones \u2013 Eneagrama\",\"publisher\":{\"@id\":\"https:\/\/marianamachuca.com\/#organization\"},\"potentialAction\":[{\"@type\":\"SearchAction\",\"target\":{\"@type\":\"EntryPoint\",\"urlTemplate\":\"https:\/\/marianamachuca.com\/?s={search_term_string}\"},\"query-input\":{\"@type\":\"PropertyValueSpecification\",\"valueRequired\":true,\"valueName\":\"search_term_string\"}}],\"inLanguage\":\"it-IT\"},{\"@type\":\"Organization\",\"@id\":\"https:\/\/marianamachuca.com\/#organization\",\"name\":\"MARIANA MACHUCA\",\"url\":\"https:\/\/marianamachuca.com\/\",\"logo\":{\"@type\":\"ImageObject\",\"inLanguage\":\"it-IT\",\"@id\":\"https:\/\/marianamachuca.com\/#\/schema\/logo\/image\/\",\"url\":\"https:\/\/marianamachuca.com\/wp-content\/uploads\/2022\/09\/Mariana-machuca-1.jpg\",\"contentUrl\":\"https:\/\/marianamachuca.com\/wp-content\/uploads\/2022\/09\/Mariana-machuca-1.jpg\",\"width\":940,\"height\":788,\"caption\":\"MARIANA MACHUCA\"},\"image\":{\"@id\":\"https:\/\/marianamachuca.com\/#\/schema\/logo\/image\/\"},\"sameAs\":[\"https:\/\/www.facebook.com\/mariana.machuca.5\",\"https:\/\/www.instagram.com\/mariana_machuca_10\/\",\"https:\/\/www.linkedin.com\/in\/mariana-machuca\/\"]}]}<\/script>\n<!-- \/ Yoast SEO plugin. -->","yoast_head_json":{"title":"Taller breve de Constelaciones","description":"Taller breve de Constelaciones Familiares (Barcelona)En un taller de Constelaciones Familiares trabajan todas las personas que participan en \u00e9l.","robots":{"index":"index","follow":"follow","max-snippet":"max-snippet:-1","max-image-preview":"max-image-preview:large","max-video-preview":"max-video-preview:-1"},"canonical":"https:\/\/marianamachuca.com\/it\/eventos\/taller-breve-de-constelaciones\/","og_locale":"it_IT","og_type":"article","og_title":"Taller breve de Constelaciones","og_description":"Taller breve de Constelaciones Familiares (Barcelona)En un taller de Constelaciones Familiares trabajan todas las personas que participan en \u00e9l.","og_url":"https:\/\/marianamachuca.com\/it\/eventos\/taller-breve-de-constelaciones\/","og_site_name":"Mariana Machuca","article_publisher":"https:\/\/www.facebook.com\/mariana.machuca.5","article_modified_time":"2022-10-09T16:27:07+00:00","og_image":[{"width":900,"height":500,"url":"https:\/\/marianamachuca.com\/wp-content\/uploads\/2022\/09\/m3-1.jpg","type":"image\/jpeg"}],"twitter_card":"summary_large_image","twitter_misc":{"Tempo di lettura stimato":"1 minuto"},"schema":{"@context":"https:\/\/schema.org","@graph":[{"@type":"WebPage","@id":"https:\/\/marianamachuca.com\/eventos\/taller-breve-de-constelaciones\/","url":"https:\/\/marianamachuca.com\/eventos\/taller-breve-de-constelaciones\/","name":"Taller breve de Constelaciones","isPartOf":{"@id":"https:\/\/marianamachuca.com\/#website"},"primaryImageOfPage":{"@id":"https:\/\/marianamachuca.com\/eventos\/taller-breve-de-constelaciones\/#primaryimage"},"image":{"@id":"https:\/\/marianamachuca.com\/eventos\/taller-breve-de-constelaciones\/#primaryimage"},"thumbnailUrl":"https:\/\/marianamachuca.com\/wp-content\/uploads\/2022\/09\/m3-1.jpg","datePublished":"2022-09-12T22:36:08+00:00","dateModified":"2022-10-09T16:27:07+00:00","description":"Taller breve de Constelaciones Familiares (Barcelona)En un taller de Constelaciones Familiares trabajan todas las personas que participan en \u00e9l.","breadcrumb":{"@id":"https:\/\/marianamachuca.com\/eventos\/taller-breve-de-constelaciones\/#breadcrumb"},"inLanguage":"it-IT","potentialAction":[{"@type":"ReadAction","target":["https:\/\/marianamachuca.com\/eventos\/taller-breve-de-constelaciones\/"]}]},{"@type":"ImageObject","inLanguage":"it-IT","@id":"https:\/\/marianamachuca.com\/eventos\/taller-breve-de-constelaciones\/#primaryimage","url":"https:\/\/marianamachuca.com\/wp-content\/uploads\/2022\/09\/m3-1.jpg","contentUrl":"https:\/\/marianamachuca.com\/wp-content\/uploads\/2022\/09\/m3-1.jpg","width":900,"height":500},{"@type":"BreadcrumbList","@id":"https:\/\/marianamachuca.com\/eventos\/taller-breve-de-constelaciones\/#breadcrumb","itemListElement":[{"@type":"ListItem","position":1,"name":"Portada","item":"https:\/\/marianamachuca.com\/"},{"@type":"ListItem","position":2,"name":"Eventos","item":"https:\/\/marianamachuca.com\/events\/"},{"@type":"ListItem","position":3,"name":"Taller breve de Constelaciones"}]},{"@type":"WebSite","@id":"https:\/\/marianamachuca.com\/#website","url":"https:\/\/marianamachuca.com\/","name":"Mariana Machuca","description":"Gestalt \u2013 Constelaciones \u2013 Eneagrama","publisher":{"@id":"https:\/\/marianamachuca.com\/#organization"},"potentialAction":[{"@type":"SearchAction","target":{"@type":"EntryPoint","urlTemplate":"https:\/\/marianamachuca.com\/?s={search_term_string}"},"query-input":{"@type":"PropertyValueSpecification","valueRequired":true,"valueName":"search_term_string"}}],"inLanguage":"it-IT"},{"@type":"Organization","@id":"https:\/\/marianamachuca.com\/#organization","name":"MARIANA MACHUCA","url":"https:\/\/marianamachuca.com\/","logo":{"@type":"ImageObject","inLanguage":"it-IT","@id":"https:\/\/marianamachuca.com\/#\/schema\/logo\/image\/","url":"https:\/\/marianamachuca.com\/wp-content\/uploads\/2022\/09\/Mariana-machuca-1.jpg","contentUrl":"https:\/\/marianamachuca.com\/wp-content\/uploads\/2022\/09\/Mariana-machuca-1.jpg","width":940,"height":788,"caption":"MARIANA MACHUCA"},"image":{"@id":"https:\/\/marianamachuca.com\/#\/schema\/logo\/image\/"},"sameAs":["https:\/\/www.facebook.com\/mariana.machuca.5","https:\/\/www.instagram.com\/mariana_machuca_10\/","https:\/\/www.linkedin.com\/in\/mariana-machuca\/"]}]}},"_links":{"self":[{"href":"https:\/\/marianamachuca.com\/it\/wp-json\/wp\/v2\/mec-events\/1220","targetHints":{"allow":["GET"]}}],"collection":[{"href":"https:\/\/marianamachuca.com\/it\/wp-json\/wp\/v2\/mec-events"}],"about":[{"href":"https:\/\/marianamachuca.com\/it\/wp-json\/wp\/v2\/types\/mec-events"}],"author":[{"embeddable":true,"href":"https:\/\/marianamachuca.com\/it\/wp-json\/wp\/v2\/users\/1"}],"replies":[{"embeddable":true,"href":"https:\/\/marianamachuca.com\/it\/wp-json\/wp\/v2\/comments?post=1220"}],"version-history":[{"count":0,"href":"https:\/\/marianamachuca.com\/it\/wp-json\/wp\/v2\/mec-events\/1220\/revisions"}],"wp:featuredmedia":[{"embeddable":true,"href":"https:\/\/marianamachuca.com\/it\/wp-json\/wp\/v2\/media\/1387"}],"wp:attachment":[{"href":"https:\/\/marianamachuca.com\/it\/wp-json\/wp\/v2\/media?parent=1220"}],"wp:term":[{"taxonomy":"post_tag","embeddable":true,"href":"https:\/\/marianamachuca.com\/it\/wp-json\/wp\/v2\/tags?post=1220"},{"taxonomy":"mec_category","embeddable":true,"href":"https:\/\/marianamachuca.com\/it\/wp-json\/wp\/v2\/mec_category?post=1220"}],"curies":[{"name":"wp","href":"https:\/\/api.w.org\/{rel}","templated":true}]}}

<h3 class="top-tit">Taller breve de Constelaciones Familiares (Barcelona)</h3>
<p>En un taller de Constelaciones Familiares trabajan todas las personas que participan en él. Esta participación puede ser de tres maneras diferentes:</p>
<ul>
<li><strong>Como Cliente</strong>: exponiendo un asunto que se quiera trabajar.</li>
<li><strong>Como Representante</strong>: poniéndose al servicio del cliente, representando a algún miembro de su familia o elementos implicados en el caso.</li>
<li><strong>Como Participante</strong>: observando y ayudando a contener aquello que va ocurriendo durante el transcurso de la constelación.</li>
</ul>
<p>En cada caso, se pueden tener comprensiones profundas a nivel propio a partir del trabajo de otras personas, a través de los procesos de proyección e identificación que se despliegan. Cualquiera que fuera el rol que ocupes, en el transcurso del taller se irán produciendo movimientos internos.</p>
<p>A veces las personas que trabajan sólo como participantes, pueden tener una percepción más amplia de los procesos que se desarrollan, y recoger muchas comprensiones, hasta llegar a emocionarse. Éste un indicador crucial de que algo se ha movido en su interior durante el transcurso del Taller, con el trabajo de otra persona.</p>
<h2>Para mas información e inscripción:</h2>
<p>Tel: 93 237 28 15<br />
Instagram: ig@institutgestalt.com<br />
Dirección: Verdi, 94, bajos 08012 Barcelona</p>

<p>Taller breve de Constelaciones Familiares (Barcelona) En un taller de Constelaciones Familiares trabajan todas las personas que participan en él. Esta participación puede ser de tres maneras diferentes: Como Cliente: exponiendo un asunto que se quiera trabajar. Como Representante: poniéndose al servicio del cliente, representando a algún miembro de su familia o elementos implicados en [&hellip;]</p>

<!-- This site is optimized with the Yoast SEO plugin v27.0 - https://yoast.com/product/yoast-seo-wordpress/ -->
<title>Taller breve de Constelaciones</title>
<meta name="description" content="Taller breve de Constelaciones Familiares (Barcelona)En un taller de Constelaciones Familiares trabajan todas las personas que participan en él." />
<meta name="robots" content="index, follow, max-snippet:-1, max-image-preview:large, max-video-preview:-1" />
<link rel="canonical" href="https://marianamachuca.com/it/eventos/taller-breve-de-constelaciones/" />
<meta property="og:locale" content="it_IT" />
<meta property="og:type" content="article" />
<meta property="og:title" content="Taller breve de Constelaciones" />
<meta property="og:description" content="Taller breve de Constelaciones Familiares (Barcelona)En un taller de Constelaciones Familiares trabajan todas las personas que participan en él." />
<meta property="og:url" content="https://marianamachuca.com/it/eventos/taller-breve-de-constelaciones/" />
<meta property="og:site_name" content="Mariana Machuca" />
<meta property="article:publisher" content="https://www.facebook.com/mariana.machuca.5" />
<meta property="article:modified_time" content="2022-10-09T16:27:07+00:00" />
<meta property="og:image" content="https://marianamachuca.com/wp-content/uploads/2022/09/m3-1.jpg" />
	<meta property="og:image:width" content="900" />
	<meta property="og:image:height" content="500" />
	<meta property="og:image:type" content="image/jpeg" />
<meta name="twitter:card" content="summary_large_image" />
<meta name="twitter:label1" content="Tempo di lettura stimato" />
	<meta name="twitter:data1" content="1 minuto" />
<script type="application/ld+json" class="yoast-schema-graph">{"@context":"https://schema.org","@graph":[{"@type":"WebPage","@id":"https://marianamachuca.com/eventos/taller-breve-de-constelaciones/","url":"https://marianamachuca.com/eventos/taller-breve-de-constelaciones/","name":"Taller breve de Constelaciones","isPartOf":{"@id":"https://marianamachuca.com/#website"},"primaryImageOfPage":{"@id":"https://marianamachuca.com/eventos/taller-breve-de-constelaciones/#primaryimage"},"image":{"@id":"https://marianamachuca.com/eventos/taller-breve-de-constelaciones/#primaryimage"},"thumbnailUrl":"https://marianamachuca.com/wp-content/uploads/2022/09/m3-1.jpg","datePublished":"2022-09-12T22:36:08+00:00","dateModified":"2022-10-09T16:27:07+00:00","description":"Taller breve de Constelaciones Familiares (Barcelona)En un taller de Constelaciones Familiares trabajan todas las personas que participan en él.","breadcrumb":{"@id":"https://marianamachuca.com/eventos/taller-breve-de-constelaciones/#breadcrumb"},"inLanguage":"it-IT","potentialAction":[{"@type":"ReadAction","target":["https://marianamachuca.com/eventos/taller-breve-de-constelaciones/"]}]},{"@type":"ImageObject","inLanguage":"it-IT","@id":"https://marianamachuca.com/eventos/taller-breve-de-constelaciones/#primaryimage","url":"https://marianamachuca.com/wp-content/uploads/2022/09/m3-1.jpg","contentUrl":"https://marianamachuca.com/wp-content/uploads/2022/09/m3-1.jpg","width":900,"height":500},{"@type":"BreadcrumbList","@id":"https://marianamachuca.com/eventos/taller-breve-de-constelaciones/#breadcrumb","itemListElement":[{"@type":"ListItem","position":1,"name":"Portada","item":"https://marianamachuca.com/"},{"@type":"ListItem","position":2,"name":"Eventos","item":"https://marianamachuca.com/events/"},{"@type":"ListItem","position":3,"name":"Taller breve de Constelaciones"}]},{"@type":"WebSite","@id":"https://marianamachuca.com/#website","url":"https://marianamachuca.com/","name":"Mariana Machuca","description":"Gestalt – Constelaciones – Eneagrama","publisher":{"@id":"https://marianamachuca.com/#organization"},"potentialAction":[{"@type":"SearchAction","target":{"@type":"EntryPoint","urlTemplate":"https://marianamachuca.com/?s={search_term_string}"},"query-input":{"@type":"PropertyValueSpecification","valueRequired":true,"valueName":"search_term_string"}}],"inLanguage":"it-IT"},{"@type":"Organization","@id":"https://marianamachuca.com/#organization","name":"MARIANA MACHUCA","url":"https://marianamachuca.com/","logo":{"@type":"ImageObject","inLanguage":"it-IT","@id":"https://marianamachuca.com/#/schema/logo/image/","url":"https://marianamachuca.com/wp-content/uploads/2022/09/Mariana-machuca-1.jpg","contentUrl":"https://marianamachuca.com/wp-content/uploads/2022/09/Mariana-machuca-1.jpg","width":940,"height":788,"caption":"MARIANA MACHUCA"},"image":{"@id":"https://marianamachuca.com/#/schema/logo/image/"},"sameAs":["https://www.facebook.com/mariana.machuca.5","https://www.instagram.com/mariana_machuca_10/","https://www.linkedin.com/in/mariana-machuca/"]}]}</script>
<!-- / Yoast SEO plugin. -->

Taller breve de Constelaciones Familiares (Barcelona)En un taller de Constelaciones Familiares trabajan todas las personas que participan en él.
