{"id":2378,"date":"2022-11-25T12:55:30","date_gmt":"2022-11-25T11:55:30","guid":{"rendered":"https:\/\/marianamachuca.com\/?post_type=mec-events&#038;p=2378"},"modified":"2023-01-31T14:32:15","modified_gmt":"2023-01-31T13:32:15","slug":"la-relacion-de-pareja-en-terapia-individual","status":"publish","type":"mec-events","link":"https:\/\/marianamachuca.com\/it\/eventos\/la-relacion-de-pareja-en-terapia-individual\/","title":{"rendered":"La relaci\u00f3n de pareja en terapia individual"},"content":{"rendered":"<p>En este taller abordaremos como vivimos las relaciones de pareja y como vamos a esa b\u00fasqueda de amor, estemos o no en una relaci\u00f3n actualmente.<\/p>\n<p>Y entrenaremos la mirada cl\u00ednica para acompa\u00f1ar asuntos de pareja as\u00ed como ejercitar diferentes recursos terapeutas como pueden ser las plantillas u otros.<\/p>\n<p>Dias y Horario: Viernes 5 de 17 a 21h y S\u00e1bado 6 de 10 a 20h.<\/p>\n<p>Si estas interesad@ puedes enviarme un mensaje a trav\u00e9s de esta web en \u00abcontacto\u00bb y te enviare mas informaci\u00f3n.<\/p>","protected":false},"excerpt":{"rendered":"<p>En este taller abordaremos como vivimos las relaciones de pareja y como vamos a esa b\u00fasqueda de amor, estemos o no en una relaci\u00f3n actualmente.\u00a0<\/p>","protected":false},"author":3,"featured_media":885,"comment_status":"closed","ping_status":"closed","template":"","tags":[],"mec_category":[20],"class_list":["post-2378","mec-events","type-mec-events","status-publish","has-post-thumbnail","hentry","mec_category-taller"],"yoast_head":"<!-- This site is optimized with the Yoast SEO plugin v27.0 - https:\/\/yoast.com\/product\/yoast-seo-wordpress\/ -->\n<title>La relaci\u00f3n de pareja en terapia individual<\/title>\n<meta name=\"description\" content=\"En este taller abordaremos como vivimos las relaciones de pareja y como vamos a esa b\u00fasqueda de amor, estemos o no en una relaci\u00f3n actualmente.\u00a0\" \/>\n<meta name=\"robots\" content=\"index, follow, max-snippet:-1, max-image-preview:large, max-video-preview:-1\" \/>\n<link rel=\"canonical\" href=\"https:\/\/marianamachuca.com\/it\/eventos\/la-relacion-de-pareja-en-terapia-individual\/\" \/>\n<meta property=\"og:locale\" content=\"it_IT\" \/>\n<meta property=\"og:type\" content=\"article\" \/>\n<meta property=\"og:title\" content=\"La relaci\u00f3n de pareja en terapia individual\" \/>\n<meta property=\"og:description\" content=\"En este taller abordaremos como vivimos las relaciones de pareja y como vamos a esa b\u00fasqueda de amor, estemos o no en una relaci\u00f3n actualmente.\u00a0\" \/>\n<meta property=\"og:url\" content=\"https:\/\/marianamachuca.com\/it\/eventos\/la-relacion-de-pareja-en-terapia-individual\/\" \/>\n<meta property=\"og:site_name\" content=\"Mariana Machuca\" \/>\n<meta property=\"article:publisher\" content=\"https:\/\/www.facebook.com\/mariana.machuca.5\" \/>\n<meta property=\"article:modified_time\" content=\"2023-01-31T13:32:15+00:00\" \/>\n<meta property=\"og:image\" content=\"https:\/\/marianamachuca.com\/wp-content\/uploads\/2022\/04\/terapia-pareja.jpg\" \/>\n\t<meta property=\"og:image:width\" content=\"900\" \/>\n\t<meta property=\"og:image:height\" content=\"601\" \/>\n\t<meta property=\"og:image:type\" content=\"image\/jpeg\" \/>\n<meta name=\"twitter:card\" content=\"summary_large_image\" \/>\n<meta name=\"twitter:label1\" content=\"Tempo di lettura stimato\" \/>\n\t<meta name=\"twitter:data1\" content=\"1 minuto\" \/>\n<script type=\"application\/ld+json\" class=\"yoast-schema-graph\">{\"@context\":\"https:\/\/schema.org\",\"@graph\":[{\"@type\":\"WebPage\",\"@id\":\"https:\/\/marianamachuca.com\/eventos\/la-relacion-de-pareja-en-terapia-individual\/\",\"url\":\"https:\/\/marianamachuca.com\/eventos\/la-relacion-de-pareja-en-terapia-individual\/\",\"name\":\"La relaci\u00f3n de pareja en terapia individual\",\"isPartOf\":{\"@id\":\"https:\/\/marianamachuca.com\/#website\"},\"primaryImageOfPage\":{\"@id\":\"https:\/\/marianamachuca.com\/eventos\/la-relacion-de-pareja-en-terapia-individual\/#primaryimage\"},\"image\":{\"@id\":\"https:\/\/marianamachuca.com\/eventos\/la-relacion-de-pareja-en-terapia-individual\/#primaryimage\"},\"thumbnailUrl\":\"https:\/\/marianamachuca.com\/wp-content\/uploads\/2022\/04\/terapia-pareja.jpg\",\"datePublished\":\"2022-11-25T11:55:30+00:00\",\"dateModified\":\"2023-01-31T13:32:15+00:00\",\"description\":\"En este taller abordaremos como vivimos las relaciones de pareja y como vamos a esa b\u00fasqueda de amor, estemos o no en una relaci\u00f3n actualmente.\u00a0\",\"breadcrumb\":{\"@id\":\"https:\/\/marianamachuca.com\/eventos\/la-relacion-de-pareja-en-terapia-individual\/#breadcrumb\"},\"inLanguage\":\"it-IT\",\"potentialAction\":[{\"@type\":\"ReadAction\",\"target\":[\"https:\/\/marianamachuca.com\/eventos\/la-relacion-de-pareja-en-terapia-individual\/\"]}]},{\"@type\":\"ImageObject\",\"inLanguage\":\"it-IT\",\"@id\":\"https:\/\/marianamachuca.com\/eventos\/la-relacion-de-pareja-en-terapia-individual\/#primaryimage\",\"url\":\"https:\/\/marianamachuca.com\/wp-content\/uploads\/2022\/04\/terapia-pareja.jpg\",\"contentUrl\":\"https:\/\/marianamachuca.com\/wp-content\/uploads\/2022\/04\/terapia-pareja.jpg\",\"width\":900,\"height\":601},{\"@type\":\"BreadcrumbList\",\"@id\":\"https:\/\/marianamachuca.com\/eventos\/la-relacion-de-pareja-en-terapia-individual\/#breadcrumb\",\"itemListElement\":[{\"@type\":\"ListItem\",\"position\":1,\"name\":\"Portada\",\"item\":\"https:\/\/marianamachuca.com\/\"},{\"@type\":\"ListItem\",\"position\":2,\"name\":\"Eventos\",\"item\":\"https:\/\/marianamachuca.com\/events\/\"},{\"@type\":\"ListItem\",\"position\":3,\"name\":\"La relaci\u00f3n de pareja en terapia individual\"}]},{\"@type\":\"WebSite\",\"@id\":\"https:\/\/marianamachuca.com\/#website\",\"url\":\"https:\/\/marianamachuca.com\/\",\"name\":\"Mariana Machuca\",\"description\":\"Gestalt \u2013 Constelaciones \u2013 Eneagrama\",\"publisher\":{\"@id\":\"https:\/\/marianamachuca.com\/#organization\"},\"potentialAction\":[{\"@type\":\"SearchAction\",\"target\":{\"@type\":\"EntryPoint\",\"urlTemplate\":\"https:\/\/marianamachuca.com\/?s={search_term_string}\"},\"query-input\":{\"@type\":\"PropertyValueSpecification\",\"valueRequired\":true,\"valueName\":\"search_term_string\"}}],\"inLanguage\":\"it-IT\"},{\"@type\":\"Organization\",\"@id\":\"https:\/\/marianamachuca.com\/#organization\",\"name\":\"MARIANA MACHUCA\",\"url\":\"https:\/\/marianamachuca.com\/\",\"logo\":{\"@type\":\"ImageObject\",\"inLanguage\":\"it-IT\",\"@id\":\"https:\/\/marianamachuca.com\/#\/schema\/logo\/image\/\",\"url\":\"https:\/\/marianamachuca.com\/wp-content\/uploads\/2022\/09\/Mariana-machuca-1.jpg\",\"contentUrl\":\"https:\/\/marianamachuca.com\/wp-content\/uploads\/2022\/09\/Mariana-machuca-1.jpg\",\"width\":940,\"height\":788,\"caption\":\"MARIANA MACHUCA\"},\"image\":{\"@id\":\"https:\/\/marianamachuca.com\/#\/schema\/logo\/image\/\"},\"sameAs\":[\"https:\/\/www.facebook.com\/mariana.machuca.5\",\"https:\/\/www.instagram.com\/mariana_machuca_10\/\",\"https:\/\/www.linkedin.com\/in\/mariana-machuca\/\"]}]}<\/script>\n<!-- \/ Yoast SEO plugin. -->","yoast_head_json":{"title":"La relaci\u00f3n de pareja en terapia individual","description":"En este taller abordaremos como vivimos las relaciones de pareja y como vamos a esa b\u00fasqueda de amor, estemos o no en una relaci\u00f3n actualmente.\u00a0","robots":{"index":"index","follow":"follow","max-snippet":"max-snippet:-1","max-image-preview":"max-image-preview:large","max-video-preview":"max-video-preview:-1"},"canonical":"https:\/\/marianamachuca.com\/it\/eventos\/la-relacion-de-pareja-en-terapia-individual\/","og_locale":"it_IT","og_type":"article","og_title":"La relaci\u00f3n de pareja en terapia individual","og_description":"En este taller abordaremos como vivimos las relaciones de pareja y como vamos a esa b\u00fasqueda de amor, estemos o no en una relaci\u00f3n actualmente.\u00a0","og_url":"https:\/\/marianamachuca.com\/it\/eventos\/la-relacion-de-pareja-en-terapia-individual\/","og_site_name":"Mariana Machuca","article_publisher":"https:\/\/www.facebook.com\/mariana.machuca.5","article_modified_time":"2023-01-31T13:32:15+00:00","og_image":[{"width":900,"height":601,"url":"https:\/\/marianamachuca.com\/wp-content\/uploads\/2022\/04\/terapia-pareja.jpg","type":"image\/jpeg"}],"twitter_card":"summary_large_image","twitter_misc":{"Tempo di lettura stimato":"1 minuto"},"schema":{"@context":"https:\/\/schema.org","@graph":[{"@type":"WebPage","@id":"https:\/\/marianamachuca.com\/eventos\/la-relacion-de-pareja-en-terapia-individual\/","url":"https:\/\/marianamachuca.com\/eventos\/la-relacion-de-pareja-en-terapia-individual\/","name":"La relaci\u00f3n de pareja en terapia individual","isPartOf":{"@id":"https:\/\/marianamachuca.com\/#website"},"primaryImageOfPage":{"@id":"https:\/\/marianamachuca.com\/eventos\/la-relacion-de-pareja-en-terapia-individual\/#primaryimage"},"image":{"@id":"https:\/\/marianamachuca.com\/eventos\/la-relacion-de-pareja-en-terapia-individual\/#primaryimage"},"thumbnailUrl":"https:\/\/marianamachuca.com\/wp-content\/uploads\/2022\/04\/terapia-pareja.jpg","datePublished":"2022-11-25T11:55:30+00:00","dateModified":"2023-01-31T13:32:15+00:00","description":"En este taller abordaremos como vivimos las relaciones de pareja y como vamos a esa b\u00fasqueda de amor, estemos o no en una relaci\u00f3n actualmente.\u00a0","breadcrumb":{"@id":"https:\/\/marianamachuca.com\/eventos\/la-relacion-de-pareja-en-terapia-individual\/#breadcrumb"},"inLanguage":"it-IT","potentialAction":[{"@type":"ReadAction","target":["https:\/\/marianamachuca.com\/eventos\/la-relacion-de-pareja-en-terapia-individual\/"]}]},{"@type":"ImageObject","inLanguage":"it-IT","@id":"https:\/\/marianamachuca.com\/eventos\/la-relacion-de-pareja-en-terapia-individual\/#primaryimage","url":"https:\/\/marianamachuca.com\/wp-content\/uploads\/2022\/04\/terapia-pareja.jpg","contentUrl":"https:\/\/marianamachuca.com\/wp-content\/uploads\/2022\/04\/terapia-pareja.jpg","width":900,"height":601},{"@type":"BreadcrumbList","@id":"https:\/\/marianamachuca.com\/eventos\/la-relacion-de-pareja-en-terapia-individual\/#breadcrumb","itemListElement":[{"@type":"ListItem","position":1,"name":"Portada","item":"https:\/\/marianamachuca.com\/"},{"@type":"ListItem","position":2,"name":"Eventos","item":"https:\/\/marianamachuca.com\/events\/"},{"@type":"ListItem","position":3,"name":"La relaci\u00f3n de pareja en terapia individual"}]},{"@type":"WebSite","@id":"https:\/\/marianamachuca.com\/#website","url":"https:\/\/marianamachuca.com\/","name":"Mariana Machuca","description":"Gestalt \u2013 Constelaciones \u2013 Eneagrama","publisher":{"@id":"https:\/\/marianamachuca.com\/#organization"},"potentialAction":[{"@type":"SearchAction","target":{"@type":"EntryPoint","urlTemplate":"https:\/\/marianamachuca.com\/?s={search_term_string}"},"query-input":{"@type":"PropertyValueSpecification","valueRequired":true,"valueName":"search_term_string"}}],"inLanguage":"it-IT"},{"@type":"Organization","@id":"https:\/\/marianamachuca.com\/#organization","name":"MARIANA MACHUCA","url":"https:\/\/marianamachuca.com\/","logo":{"@type":"ImageObject","inLanguage":"it-IT","@id":"https:\/\/marianamachuca.com\/#\/schema\/logo\/image\/","url":"https:\/\/marianamachuca.com\/wp-content\/uploads\/2022\/09\/Mariana-machuca-1.jpg","contentUrl":"https:\/\/marianamachuca.com\/wp-content\/uploads\/2022\/09\/Mariana-machuca-1.jpg","width":940,"height":788,"caption":"MARIANA MACHUCA"},"image":{"@id":"https:\/\/marianamachuca.com\/#\/schema\/logo\/image\/"},"sameAs":["https:\/\/www.facebook.com\/mariana.machuca.5","https:\/\/www.instagram.com\/mariana_machuca_10\/","https:\/\/www.linkedin.com\/in\/mariana-machuca\/"]}]}},"_links":{"self":[{"href":"https:\/\/marianamachuca.com\/it\/wp-json\/wp\/v2\/mec-events\/2378","targetHints":{"allow":["GET"]}}],"collection":[{"href":"https:\/\/marianamachuca.com\/it\/wp-json\/wp\/v2\/mec-events"}],"about":[{"href":"https:\/\/marianamachuca.com\/it\/wp-json\/wp\/v2\/types\/mec-events"}],"author":[{"embeddable":true,"href":"https:\/\/marianamachuca.com\/it\/wp-json\/wp\/v2\/users\/3"}],"replies":[{"embeddable":true,"href":"https:\/\/marianamachuca.com\/it\/wp-json\/wp\/v2\/comments?post=2378"}],"version-history":[{"count":1,"href":"https:\/\/marianamachuca.com\/it\/wp-json\/wp\/v2\/mec-events\/2378\/revisions"}],"predecessor-version":[{"id":2389,"href":"https:\/\/marianamachuca.com\/it\/wp-json\/wp\/v2\/mec-events\/2378\/revisions\/2389"}],"wp:featuredmedia":[{"embeddable":true,"href":"https:\/\/marianamachuca.com\/it\/wp-json\/wp\/v2\/media\/885"}],"wp:attachment":[{"href":"https:\/\/marianamachuca.com\/it\/wp-json\/wp\/v2\/media?parent=2378"}],"wp:term":[{"taxonomy":"post_tag","embeddable":true,"href":"https:\/\/marianamachuca.com\/it\/wp-json\/wp\/v2\/tags?post=2378"},{"taxonomy":"mec_category","embeddable":true,"href":"https:\/\/marianamachuca.com\/it\/wp-json\/wp\/v2\/mec_category?post=2378"}],"curies":[{"name":"wp","href":"https:\/\/api.w.org\/{rel}","templated":true}]}}

La relación de pareja en terapia individual

<p>En este taller abordaremos como vivimos las relaciones de pareja y como vamos a esa búsqueda de amor, estemos o no en una relación actualmente.</p>
<p>Y entrenaremos la mirada clínica para acompañar asuntos de pareja así como ejercitar diferentes recursos terapeutas como pueden ser las plantillas u otros.</p>
<p>Dias y Horario: Viernes 5 de 17 a 21h y Sábado 6 de 10 a 20h.</p>
<p>Si estas interesad@ puedes enviarme un mensaje a través de esta web en «contacto» y te enviare mas información.</p>

<p>En este taller abordaremos como vivimos las relaciones de pareja y como vamos a esa búsqueda de amor, estemos o no en una relación actualmente. </p>

<!-- This site is optimized with the Yoast SEO plugin v27.0 - https://yoast.com/product/yoast-seo-wordpress/ -->
<title>La relación de pareja en terapia individual</title>
<meta name="description" content="En este taller abordaremos como vivimos las relaciones de pareja y como vamos a esa búsqueda de amor, estemos o no en una relación actualmente. " />
<meta name="robots" content="index, follow, max-snippet:-1, max-image-preview:large, max-video-preview:-1" />
<link rel="canonical" href="https://marianamachuca.com/it/eventos/la-relacion-de-pareja-en-terapia-individual/" />
<meta property="og:locale" content="it_IT" />
<meta property="og:type" content="article" />
<meta property="og:title" content="La relación de pareja en terapia individual" />
<meta property="og:description" content="En este taller abordaremos como vivimos las relaciones de pareja y como vamos a esa búsqueda de amor, estemos o no en una relación actualmente. " />
<meta property="og:url" content="https://marianamachuca.com/it/eventos/la-relacion-de-pareja-en-terapia-individual/" />
<meta property="og:site_name" content="Mariana Machuca" />
<meta property="article:publisher" content="https://www.facebook.com/mariana.machuca.5" />
<meta property="article:modified_time" content="2023-01-31T13:32:15+00:00" />
<meta property="og:image" content="https://marianamachuca.com/wp-content/uploads/2022/04/terapia-pareja.jpg" />
	<meta property="og:image:width" content="900" />
	<meta property="og:image:height" content="601" />
	<meta property="og:image:type" content="image/jpeg" />
<meta name="twitter:card" content="summary_large_image" />
<meta name="twitter:label1" content="Tempo di lettura stimato" />
	<meta name="twitter:data1" content="1 minuto" />
<script type="application/ld+json" class="yoast-schema-graph">{"@context":"https://schema.org","@graph":[{"@type":"WebPage","@id":"https://marianamachuca.com/eventos/la-relacion-de-pareja-en-terapia-individual/","url":"https://marianamachuca.com/eventos/la-relacion-de-pareja-en-terapia-individual/","name":"La relación de pareja en terapia individual","isPartOf":{"@id":"https://marianamachuca.com/#website"},"primaryImageOfPage":{"@id":"https://marianamachuca.com/eventos/la-relacion-de-pareja-en-terapia-individual/#primaryimage"},"image":{"@id":"https://marianamachuca.com/eventos/la-relacion-de-pareja-en-terapia-individual/#primaryimage"},"thumbnailUrl":"https://marianamachuca.com/wp-content/uploads/2022/04/terapia-pareja.jpg","datePublished":"2022-11-25T11:55:30+00:00","dateModified":"2023-01-31T13:32:15+00:00","description":"En este taller abordaremos como vivimos las relaciones de pareja y como vamos a esa búsqueda de amor, estemos o no en una relación actualmente. ","breadcrumb":{"@id":"https://marianamachuca.com/eventos/la-relacion-de-pareja-en-terapia-individual/#breadcrumb"},"inLanguage":"it-IT","potentialAction":[{"@type":"ReadAction","target":["https://marianamachuca.com/eventos/la-relacion-de-pareja-en-terapia-individual/"]}]},{"@type":"ImageObject","inLanguage":"it-IT","@id":"https://marianamachuca.com/eventos/la-relacion-de-pareja-en-terapia-individual/#primaryimage","url":"https://marianamachuca.com/wp-content/uploads/2022/04/terapia-pareja.jpg","contentUrl":"https://marianamachuca.com/wp-content/uploads/2022/04/terapia-pareja.jpg","width":900,"height":601},{"@type":"BreadcrumbList","@id":"https://marianamachuca.com/eventos/la-relacion-de-pareja-en-terapia-individual/#breadcrumb","itemListElement":[{"@type":"ListItem","position":1,"name":"Portada","item":"https://marianamachuca.com/"},{"@type":"ListItem","position":2,"name":"Eventos","item":"https://marianamachuca.com/events/"},{"@type":"ListItem","position":3,"name":"La relación de pareja en terapia individual"}]},{"@type":"WebSite","@id":"https://marianamachuca.com/#website","url":"https://marianamachuca.com/","name":"Mariana Machuca","description":"Gestalt – Constelaciones – Eneagrama","publisher":{"@id":"https://marianamachuca.com/#organization"},"potentialAction":[{"@type":"SearchAction","target":{"@type":"EntryPoint","urlTemplate":"https://marianamachuca.com/?s={search_term_string}"},"query-input":{"@type":"PropertyValueSpecification","valueRequired":true,"valueName":"search_term_string"}}],"inLanguage":"it-IT"},{"@type":"Organization","@id":"https://marianamachuca.com/#organization","name":"MARIANA MACHUCA","url":"https://marianamachuca.com/","logo":{"@type":"ImageObject","inLanguage":"it-IT","@id":"https://marianamachuca.com/#/schema/logo/image/","url":"https://marianamachuca.com/wp-content/uploads/2022/09/Mariana-machuca-1.jpg","contentUrl":"https://marianamachuca.com/wp-content/uploads/2022/09/Mariana-machuca-1.jpg","width":940,"height":788,"caption":"MARIANA MACHUCA"},"image":{"@id":"https://marianamachuca.com/#/schema/logo/image/"},"sameAs":["https://www.facebook.com/mariana.machuca.5","https://www.instagram.com/mariana_machuca_10/","https://www.linkedin.com/in/mariana-machuca/"]}]}</script>
<!-- / Yoast SEO plugin. -->

En este taller abordaremos como vivimos las relaciones de pareja y como vamos a esa búsqueda de amor, estemos o no en una relación actualmente.
