{"id":2393,"date":"2023-01-31T16:10:42","date_gmt":"2023-01-31T15:10:42","guid":{"rendered":"https:\/\/marianamachuca.com\/?post_type=mec-events&#038;p=2393"},"modified":"2025-01-16T22:56:58","modified_gmt":"2025-01-16T21:56:58","slug":"taller-constelaciones-familiares-3","status":"publish","type":"mec-events","link":"https:\/\/marianamachuca.com\/it\/eventos\/taller-constelaciones-familiares-3\/","title":{"rendered":"Taller de Constelaciones Familiares VERANO"},"content":{"rendered":"<h5 style=\"font-weight: 400;\">Un taller de Constelaciones Familiares es una oportunidad para poder externalizar nuestras im\u00e1genes internas, identificar el mecanismo disfuncional que nos est\u00e1 generando sufrimiento y encontrar lugares m\u00e1s saludables desde donde posicionarnos para contemplar la misma realidad desde un lugar diferente.<\/h5>\n<h5 style=\"font-weight: 400;\">Todos los que participan de un taller grupal se ven beneficiados por las experiencias que acontecen, ya que en las diferentes configuraciones que se van desarrollando cada uno puede ver reflejado algo de su propia historia o heridas para tomar conciencia y recursos nuevos.<\/h5>\n<h5 style=\"font-weight: 400;\">Puede ser una oportunidad de aproximarte a conocer el m\u00e9todo en formato grupal para poner luz en alg\u00fan asunto que te inquieta puntualmente, o puede ser el pre\u00e1mbulo, el complemento o el cierre de un acompa\u00f1amiento a nivel individual.<\/h5>\n<p>5 de JULIO de 2025 de 9:30h a 13:30h<\/p>\n<p>Si deseas inscribirte o compartir cualquier consulta, puedes ponerte en contacto en este <a href=\"https:\/\/marianamachuca.com\/it\/contacto\/\" target=\"_blank\" rel=\"noopener\">link<\/a><\/p>\n<p>PROXIMOS TALLERES:<\/p>\n<ul>\n<li>OTO\u00d1O:<\/li>\n<li>INVIERNO:<\/li>\n<\/ul>\n<h6><\/h6>","protected":false},"excerpt":{"rendered":"<p>Taller constelaciones familiares para externalizar nuestras im\u00e1genes internas, identificar mecanismos disfuncionales y encontrar soluciones<\/p>","protected":false},"author":3,"featured_media":825,"comment_status":"closed","ping_status":"closed","template":"","tags":[],"mec_category":[20],"class_list":["post-2393","mec-events","type-mec-events","status-publish","has-post-thumbnail","hentry","mec_category-taller"],"yoast_head":"<!-- This site is optimized with the Yoast SEO plugin v27.0 - https:\/\/yoast.com\/product\/yoast-seo-wordpress\/ -->\n<title>Taller de Constelaciones Familiares VERANO<\/title>\n<meta name=\"description\" content=\"Un taller de Constelaciones Familiares es una oportunidad para poder externalizar nuestras im\u00e1genes internas, identificar el mecanismo disfuncional que nos est\u00e1 generando sufrimiento y encontrar lugares m\u00e1s saludables\" \/>\n<meta name=\"robots\" content=\"index, follow, max-snippet:-1, max-image-preview:large, max-video-preview:-1\" \/>\n<link rel=\"canonical\" href=\"https:\/\/marianamachuca.com\/it\/eventos\/taller-constelaciones-familiares-3\/\" \/>\n<meta property=\"og:locale\" content=\"it_IT\" \/>\n<meta property=\"og:type\" content=\"article\" \/>\n<meta property=\"og:title\" content=\"Taller de Constelaciones Familiares VERANO\" \/>\n<meta property=\"og:description\" content=\"Un taller de Constelaciones Familiares es una oportunidad para poder externalizar nuestras im\u00e1genes internas, identificar el mecanismo disfuncional que nos est\u00e1 generando sufrimiento y encontrar lugares m\u00e1s saludables\" \/>\n<meta property=\"og:url\" content=\"https:\/\/marianamachuca.com\/it\/eventos\/taller-constelaciones-familiares-3\/\" \/>\n<meta property=\"og:site_name\" content=\"Mariana Machuca\" \/>\n<meta property=\"article:publisher\" content=\"https:\/\/www.facebook.com\/mariana.machuca.5\" \/>\n<meta property=\"article:modified_time\" content=\"2025-01-16T21:56:58+00:00\" \/>\n<meta property=\"og:image\" content=\"https:\/\/marianamachuca.com\/wp-content\/uploads\/2022\/04\/constelaciones-familiares.jpg\" \/>\n\t<meta property=\"og:image:width\" content=\"720\" \/>\n\t<meta property=\"og:image:height\" content=\"780\" \/>\n\t<meta property=\"og:image:type\" content=\"image\/jpeg\" \/>\n<meta name=\"twitter:card\" content=\"summary_large_image\" \/>\n<meta name=\"twitter:label1\" content=\"Tempo di lettura stimato\" \/>\n\t<meta name=\"twitter:data1\" content=\"1 minuto\" \/>\n<script type=\"application\/ld+json\" class=\"yoast-schema-graph\">{\"@context\":\"https:\/\/schema.org\",\"@graph\":[{\"@type\":\"WebPage\",\"@id\":\"https:\/\/marianamachuca.com\/eventos\/taller-constelaciones-familiares-3\/\",\"url\":\"https:\/\/marianamachuca.com\/eventos\/taller-constelaciones-familiares-3\/\",\"name\":\"Taller de Constelaciones Familiares VERANO\",\"isPartOf\":{\"@id\":\"https:\/\/marianamachuca.com\/#website\"},\"primaryImageOfPage\":{\"@id\":\"https:\/\/marianamachuca.com\/eventos\/taller-constelaciones-familiares-3\/#primaryimage\"},\"image\":{\"@id\":\"https:\/\/marianamachuca.com\/eventos\/taller-constelaciones-familiares-3\/#primaryimage\"},\"thumbnailUrl\":\"https:\/\/marianamachuca.com\/wp-content\/uploads\/2022\/04\/constelaciones-familiares.jpg\",\"datePublished\":\"2023-01-31T15:10:42+00:00\",\"dateModified\":\"2025-01-16T21:56:58+00:00\",\"description\":\"Un taller de Constelaciones Familiares es una oportunidad para poder externalizar nuestras im\u00e1genes internas, identificar el mecanismo disfuncional que nos est\u00e1 generando sufrimiento y encontrar lugares m\u00e1s saludables\",\"breadcrumb\":{\"@id\":\"https:\/\/marianamachuca.com\/eventos\/taller-constelaciones-familiares-3\/#breadcrumb\"},\"inLanguage\":\"it-IT\",\"potentialAction\":[{\"@type\":\"ReadAction\",\"target\":[\"https:\/\/marianamachuca.com\/eventos\/taller-constelaciones-familiares-3\/\"]}]},{\"@type\":\"ImageObject\",\"inLanguage\":\"it-IT\",\"@id\":\"https:\/\/marianamachuca.com\/eventos\/taller-constelaciones-familiares-3\/#primaryimage\",\"url\":\"https:\/\/marianamachuca.com\/wp-content\/uploads\/2022\/04\/constelaciones-familiares.jpg\",\"contentUrl\":\"https:\/\/marianamachuca.com\/wp-content\/uploads\/2022\/04\/constelaciones-familiares.jpg\",\"width\":720,\"height\":780},{\"@type\":\"BreadcrumbList\",\"@id\":\"https:\/\/marianamachuca.com\/eventos\/taller-constelaciones-familiares-3\/#breadcrumb\",\"itemListElement\":[{\"@type\":\"ListItem\",\"position\":1,\"name\":\"Portada\",\"item\":\"https:\/\/marianamachuca.com\/\"},{\"@type\":\"ListItem\",\"position\":2,\"name\":\"Eventos\",\"item\":\"https:\/\/marianamachuca.com\/events\/\"},{\"@type\":\"ListItem\",\"position\":3,\"name\":\"Taller de Constelaciones Familiares VERANO\"}]},{\"@type\":\"WebSite\",\"@id\":\"https:\/\/marianamachuca.com\/#website\",\"url\":\"https:\/\/marianamachuca.com\/\",\"name\":\"Mariana Machuca\",\"description\":\"Gestalt \u2013 Constelaciones \u2013 Eneagrama\",\"publisher\":{\"@id\":\"https:\/\/marianamachuca.com\/#organization\"},\"potentialAction\":[{\"@type\":\"SearchAction\",\"target\":{\"@type\":\"EntryPoint\",\"urlTemplate\":\"https:\/\/marianamachuca.com\/?s={search_term_string}\"},\"query-input\":{\"@type\":\"PropertyValueSpecification\",\"valueRequired\":true,\"valueName\":\"search_term_string\"}}],\"inLanguage\":\"it-IT\"},{\"@type\":\"Organization\",\"@id\":\"https:\/\/marianamachuca.com\/#organization\",\"name\":\"MARIANA MACHUCA\",\"url\":\"https:\/\/marianamachuca.com\/\",\"logo\":{\"@type\":\"ImageObject\",\"inLanguage\":\"it-IT\",\"@id\":\"https:\/\/marianamachuca.com\/#\/schema\/logo\/image\/\",\"url\":\"https:\/\/marianamachuca.com\/wp-content\/uploads\/2022\/09\/Mariana-machuca-1.jpg\",\"contentUrl\":\"https:\/\/marianamachuca.com\/wp-content\/uploads\/2022\/09\/Mariana-machuca-1.jpg\",\"width\":940,\"height\":788,\"caption\":\"MARIANA MACHUCA\"},\"image\":{\"@id\":\"https:\/\/marianamachuca.com\/#\/schema\/logo\/image\/\"},\"sameAs\":[\"https:\/\/www.facebook.com\/mariana.machuca.5\",\"https:\/\/www.instagram.com\/mariana_machuca_10\/\",\"https:\/\/www.linkedin.com\/in\/mariana-machuca\/\"]}]}<\/script>\n<!-- \/ Yoast SEO plugin. -->","yoast_head_json":{"title":"Taller de Constelaciones Familiares VERANO","description":"Un taller de Constelaciones Familiares es una oportunidad para poder externalizar nuestras im\u00e1genes internas, identificar el mecanismo disfuncional que nos est\u00e1 generando sufrimiento y encontrar lugares m\u00e1s saludables","robots":{"index":"index","follow":"follow","max-snippet":"max-snippet:-1","max-image-preview":"max-image-preview:large","max-video-preview":"max-video-preview:-1"},"canonical":"https:\/\/marianamachuca.com\/it\/eventos\/taller-constelaciones-familiares-3\/","og_locale":"it_IT","og_type":"article","og_title":"Taller de Constelaciones Familiares VERANO","og_description":"Un taller de Constelaciones Familiares es una oportunidad para poder externalizar nuestras im\u00e1genes internas, identificar el mecanismo disfuncional que nos est\u00e1 generando sufrimiento y encontrar lugares m\u00e1s saludables","og_url":"https:\/\/marianamachuca.com\/it\/eventos\/taller-constelaciones-familiares-3\/","og_site_name":"Mariana Machuca","article_publisher":"https:\/\/www.facebook.com\/mariana.machuca.5","article_modified_time":"2025-01-16T21:56:58+00:00","og_image":[{"width":720,"height":780,"url":"https:\/\/marianamachuca.com\/wp-content\/uploads\/2022\/04\/constelaciones-familiares.jpg","type":"image\/jpeg"}],"twitter_card":"summary_large_image","twitter_misc":{"Tempo di lettura stimato":"1 minuto"},"schema":{"@context":"https:\/\/schema.org","@graph":[{"@type":"WebPage","@id":"https:\/\/marianamachuca.com\/eventos\/taller-constelaciones-familiares-3\/","url":"https:\/\/marianamachuca.com\/eventos\/taller-constelaciones-familiares-3\/","name":"Taller de Constelaciones Familiares VERANO","isPartOf":{"@id":"https:\/\/marianamachuca.com\/#website"},"primaryImageOfPage":{"@id":"https:\/\/marianamachuca.com\/eventos\/taller-constelaciones-familiares-3\/#primaryimage"},"image":{"@id":"https:\/\/marianamachuca.com\/eventos\/taller-constelaciones-familiares-3\/#primaryimage"},"thumbnailUrl":"https:\/\/marianamachuca.com\/wp-content\/uploads\/2022\/04\/constelaciones-familiares.jpg","datePublished":"2023-01-31T15:10:42+00:00","dateModified":"2025-01-16T21:56:58+00:00","description":"Un taller de Constelaciones Familiares es una oportunidad para poder externalizar nuestras im\u00e1genes internas, identificar el mecanismo disfuncional que nos est\u00e1 generando sufrimiento y encontrar lugares m\u00e1s saludables","breadcrumb":{"@id":"https:\/\/marianamachuca.com\/eventos\/taller-constelaciones-familiares-3\/#breadcrumb"},"inLanguage":"it-IT","potentialAction":[{"@type":"ReadAction","target":["https:\/\/marianamachuca.com\/eventos\/taller-constelaciones-familiares-3\/"]}]},{"@type":"ImageObject","inLanguage":"it-IT","@id":"https:\/\/marianamachuca.com\/eventos\/taller-constelaciones-familiares-3\/#primaryimage","url":"https:\/\/marianamachuca.com\/wp-content\/uploads\/2022\/04\/constelaciones-familiares.jpg","contentUrl":"https:\/\/marianamachuca.com\/wp-content\/uploads\/2022\/04\/constelaciones-familiares.jpg","width":720,"height":780},{"@type":"BreadcrumbList","@id":"https:\/\/marianamachuca.com\/eventos\/taller-constelaciones-familiares-3\/#breadcrumb","itemListElement":[{"@type":"ListItem","position":1,"name":"Portada","item":"https:\/\/marianamachuca.com\/"},{"@type":"ListItem","position":2,"name":"Eventos","item":"https:\/\/marianamachuca.com\/events\/"},{"@type":"ListItem","position":3,"name":"Taller de Constelaciones Familiares VERANO"}]},{"@type":"WebSite","@id":"https:\/\/marianamachuca.com\/#website","url":"https:\/\/marianamachuca.com\/","name":"Mariana Machuca","description":"Gestalt \u2013 Constelaciones \u2013 Eneagrama","publisher":{"@id":"https:\/\/marianamachuca.com\/#organization"},"potentialAction":[{"@type":"SearchAction","target":{"@type":"EntryPoint","urlTemplate":"https:\/\/marianamachuca.com\/?s={search_term_string}"},"query-input":{"@type":"PropertyValueSpecification","valueRequired":true,"valueName":"search_term_string"}}],"inLanguage":"it-IT"},{"@type":"Organization","@id":"https:\/\/marianamachuca.com\/#organization","name":"MARIANA MACHUCA","url":"https:\/\/marianamachuca.com\/","logo":{"@type":"ImageObject","inLanguage":"it-IT","@id":"https:\/\/marianamachuca.com\/#\/schema\/logo\/image\/","url":"https:\/\/marianamachuca.com\/wp-content\/uploads\/2022\/09\/Mariana-machuca-1.jpg","contentUrl":"https:\/\/marianamachuca.com\/wp-content\/uploads\/2022\/09\/Mariana-machuca-1.jpg","width":940,"height":788,"caption":"MARIANA MACHUCA"},"image":{"@id":"https:\/\/marianamachuca.com\/#\/schema\/logo\/image\/"},"sameAs":["https:\/\/www.facebook.com\/mariana.machuca.5","https:\/\/www.instagram.com\/mariana_machuca_10\/","https:\/\/www.linkedin.com\/in\/mariana-machuca\/"]}]}},"_links":{"self":[{"href":"https:\/\/marianamachuca.com\/it\/wp-json\/wp\/v2\/mec-events\/2393","targetHints":{"allow":["GET"]}}],"collection":[{"href":"https:\/\/marianamachuca.com\/it\/wp-json\/wp\/v2\/mec-events"}],"about":[{"href":"https:\/\/marianamachuca.com\/it\/wp-json\/wp\/v2\/types\/mec-events"}],"author":[{"embeddable":true,"href":"https:\/\/marianamachuca.com\/it\/wp-json\/wp\/v2\/users\/3"}],"replies":[{"embeddable":true,"href":"https:\/\/marianamachuca.com\/it\/wp-json\/wp\/v2\/comments?post=2393"}],"version-history":[{"count":1,"href":"https:\/\/marianamachuca.com\/it\/wp-json\/wp\/v2\/mec-events\/2393\/revisions"}],"predecessor-version":[{"id":2619,"href":"https:\/\/marianamachuca.com\/it\/wp-json\/wp\/v2\/mec-events\/2393\/revisions\/2619"}],"wp:featuredmedia":[{"embeddable":true,"href":"https:\/\/marianamachuca.com\/it\/wp-json\/wp\/v2\/media\/825"}],"wp:attachment":[{"href":"https:\/\/marianamachuca.com\/it\/wp-json\/wp\/v2\/media?parent=2393"}],"wp:term":[{"taxonomy":"post_tag","embeddable":true,"href":"https:\/\/marianamachuca.com\/it\/wp-json\/wp\/v2\/tags?post=2393"},{"taxonomy":"mec_category","embeddable":true,"href":"https:\/\/marianamachuca.com\/it\/wp-json\/wp\/v2\/mec_category?post=2393"}],"curies":[{"name":"wp","href":"https:\/\/api.w.org\/{rel}","templated":true}]}}

<h5 style="font-weight: 400;">Un taller de Constelaciones Familiares es una oportunidad para poder externalizar nuestras imágenes internas, identificar el mecanismo disfuncional que nos está generando sufrimiento y encontrar lugares más saludables desde donde posicionarnos para contemplar la misma realidad desde un lugar diferente.</h5>
<h5 style="font-weight: 400;">Todos los que participan de un taller grupal se ven beneficiados por las experiencias que acontecen, ya que en las diferentes configuraciones que se van desarrollando cada uno puede ver reflejado algo de su propia historia o heridas para tomar conciencia y recursos nuevos.</h5>
<h5 style="font-weight: 400;">Puede ser una oportunidad de aproximarte a conocer el método en formato grupal para poner luz en algún asunto que te inquieta puntualmente, o puede ser el preámbulo, el complemento o el cierre de un acompañamiento a nivel individual.</h5>
<p>5 de JULIO de 2025 de 9:30h a 13:30h</p>
<p>Si deseas inscribirte o compartir cualquier consulta, puedes ponerte en contacto en este <a href="https://marianamachuca.com/it/contacto/" target="_blank" rel="noopener">link</a></p>
<p>PROXIMOS TALLERES:</p>
<ul>
<li>OTOÑO:</li>
<li>INVIERNO:</li>
</ul>
<h6></h6>

<p>Taller constelaciones familiares para externalizar nuestras imágenes internas, identificar mecanismos disfuncionales y encontrar soluciones</p>

<!-- This site is optimized with the Yoast SEO plugin v27.0 - https://yoast.com/product/yoast-seo-wordpress/ -->
<title>Taller de Constelaciones Familiares VERANO</title>
<meta name="description" content="Un taller de Constelaciones Familiares es una oportunidad para poder externalizar nuestras imágenes internas, identificar el mecanismo disfuncional que nos está generando sufrimiento y encontrar lugares más saludables" />
<meta name="robots" content="index, follow, max-snippet:-1, max-image-preview:large, max-video-preview:-1" />
<link rel="canonical" href="https://marianamachuca.com/it/eventos/taller-constelaciones-familiares-3/" />
<meta property="og:locale" content="it_IT" />
<meta property="og:type" content="article" />
<meta property="og:title" content="Taller de Constelaciones Familiares VERANO" />
<meta property="og:description" content="Un taller de Constelaciones Familiares es una oportunidad para poder externalizar nuestras imágenes internas, identificar el mecanismo disfuncional que nos está generando sufrimiento y encontrar lugares más saludables" />
<meta property="og:url" content="https://marianamachuca.com/it/eventos/taller-constelaciones-familiares-3/" />
<meta property="og:site_name" content="Mariana Machuca" />
<meta property="article:publisher" content="https://www.facebook.com/mariana.machuca.5" />
<meta property="article:modified_time" content="2025-01-16T21:56:58+00:00" />
<meta property="og:image" content="https://marianamachuca.com/wp-content/uploads/2022/04/constelaciones-familiares.jpg" />
	<meta property="og:image:width" content="720" />
	<meta property="og:image:height" content="780" />
	<meta property="og:image:type" content="image/jpeg" />
<meta name="twitter:card" content="summary_large_image" />
<meta name="twitter:label1" content="Tempo di lettura stimato" />
	<meta name="twitter:data1" content="1 minuto" />
<script type="application/ld+json" class="yoast-schema-graph">{"@context":"https://schema.org","@graph":[{"@type":"WebPage","@id":"https://marianamachuca.com/eventos/taller-constelaciones-familiares-3/","url":"https://marianamachuca.com/eventos/taller-constelaciones-familiares-3/","name":"Taller de Constelaciones Familiares VERANO","isPartOf":{"@id":"https://marianamachuca.com/#website"},"primaryImageOfPage":{"@id":"https://marianamachuca.com/eventos/taller-constelaciones-familiares-3/#primaryimage"},"image":{"@id":"https://marianamachuca.com/eventos/taller-constelaciones-familiares-3/#primaryimage"},"thumbnailUrl":"https://marianamachuca.com/wp-content/uploads/2022/04/constelaciones-familiares.jpg","datePublished":"2023-01-31T15:10:42+00:00","dateModified":"2025-01-16T21:56:58+00:00","description":"Un taller de Constelaciones Familiares es una oportunidad para poder externalizar nuestras imágenes internas, identificar el mecanismo disfuncional que nos está generando sufrimiento y encontrar lugares más saludables","breadcrumb":{"@id":"https://marianamachuca.com/eventos/taller-constelaciones-familiares-3/#breadcrumb"},"inLanguage":"it-IT","potentialAction":[{"@type":"ReadAction","target":["https://marianamachuca.com/eventos/taller-constelaciones-familiares-3/"]}]},{"@type":"ImageObject","inLanguage":"it-IT","@id":"https://marianamachuca.com/eventos/taller-constelaciones-familiares-3/#primaryimage","url":"https://marianamachuca.com/wp-content/uploads/2022/04/constelaciones-familiares.jpg","contentUrl":"https://marianamachuca.com/wp-content/uploads/2022/04/constelaciones-familiares.jpg","width":720,"height":780},{"@type":"BreadcrumbList","@id":"https://marianamachuca.com/eventos/taller-constelaciones-familiares-3/#breadcrumb","itemListElement":[{"@type":"ListItem","position":1,"name":"Portada","item":"https://marianamachuca.com/"},{"@type":"ListItem","position":2,"name":"Eventos","item":"https://marianamachuca.com/events/"},{"@type":"ListItem","position":3,"name":"Taller de Constelaciones Familiares VERANO"}]},{"@type":"WebSite","@id":"https://marianamachuca.com/#website","url":"https://marianamachuca.com/","name":"Mariana Machuca","description":"Gestalt – Constelaciones – Eneagrama","publisher":{"@id":"https://marianamachuca.com/#organization"},"potentialAction":[{"@type":"SearchAction","target":{"@type":"EntryPoint","urlTemplate":"https://marianamachuca.com/?s={search_term_string}"},"query-input":{"@type":"PropertyValueSpecification","valueRequired":true,"valueName":"search_term_string"}}],"inLanguage":"it-IT"},{"@type":"Organization","@id":"https://marianamachuca.com/#organization","name":"MARIANA MACHUCA","url":"https://marianamachuca.com/","logo":{"@type":"ImageObject","inLanguage":"it-IT","@id":"https://marianamachuca.com/#/schema/logo/image/","url":"https://marianamachuca.com/wp-content/uploads/2022/09/Mariana-machuca-1.jpg","contentUrl":"https://marianamachuca.com/wp-content/uploads/2022/09/Mariana-machuca-1.jpg","width":940,"height":788,"caption":"MARIANA MACHUCA"},"image":{"@id":"https://marianamachuca.com/#/schema/logo/image/"},"sameAs":["https://www.facebook.com/mariana.machuca.5","https://www.instagram.com/mariana_machuca_10/","https://www.linkedin.com/in/mariana-machuca/"]}]}</script>
<!-- / Yoast SEO plugin. -->

Un taller de Constelaciones Familiares es una oportunidad para poder externalizar nuestras imágenes internas, identificar el mecanismo disfuncional que nos está generando sufrimiento y encontrar lugares más saludables
